1. Let y be z(4). Let k = 7 + 2. List the prime factors of (k/(-2))/(y/12).
2, 3
Suppose 0 = -5*j + 52 + 58. List the prime factors of j.
2, 11
Let q be 1/3 - (-12)/(-9). List the prime factors of (0 - -5)/(q/(-2)).
2, 5
Let r = 2 + 0. Let n be (-2)/(3*r/3). List the prime factors of 2*n - (2 + -17).
13
What are the prime factors of ((-2)/4)/((-1)/12)?
2, 3
Let c = 357 + -6. List the prime factors of c.
3, 13
Let x = 19 + -9. Suppose 0 = -3*a + x + 2. List the prime factors of a.
2
Suppose d - k = -0*k + 28, -5*k = 2*d - 84. What are the prime factors of d?
2
Suppose -53 = -4*y + t + 21, 2*y - 44 = -3*t. Let l = y - 7. List the prime factors of l.
2, 3
Suppose -2*x - 4*h - h + 457 = 0, 0 = x - h - 211. Suppose 4*t + 4 = 0, 3*t = -5*v - t + x. What are the prime factors of v?
2, 11
Suppose 0 = 3*l + 4*y - 105, -3*l + 5*y + 128 + 4 = 0. Let h = l - 22. List the prime factors of h.
17
Suppose 13*c = 12*c + 90. What are the prime factors of c?
2, 3, 5
Suppose -4*b - 11 = -5*x + 21, b = x - 7. Let w be (x/(-6))/((-1)/3). Suppose -w*o - 4 = -c, -6*o = 5*c - 5*o - 9. List the prime factors of c.
2
Let f(x) be the third derivative of 0*x + 1/6*x**3 + 1/4*x**4 + 1/60*x**5 + x**2 + 0. List the prime factors of f(-7).
2
Suppose l - 63 = 4*c, 3*c = -c. What are the prime factors of l?
3, 7
Let u be 2/((4/344)/(-1)). List the prime factors of 2/(-4) + u/(-8).
3, 7
Let j(s) = 7*s + 1. Let u be j(2). Let k = -22 + 15. Let f = u + k. What are the prime factors of f?
2
Suppose -2*g = -0 - 4. Let j be 1/(-2) + (-15)/(-6). What are the prime factors of j/(g - 0)*10?
2, 5
Suppose z = 4*q - 21 + 1, -z + 5*q = 25. Suppose z = -k + 4*k - 6. List the prime factors of k.
2
Let g(w) be the first derivative of w**5/15 - w**3/6 + 3*w**2/2 - 2. Let a(o) be the second derivative of g(o). What are the prime factors of a(1)?
3
Let r(g) = -g**3 + 9*g**2 - g + 5. What are the prime factors of r(8)?
61
Suppose -2*l + 4*l + 50 = 0. Let i = l + 50. What are the prime factors of i?
5
Suppose -v + 2*v + 3 = 0. Let x = -1 - v. Suppose 4*c - 38 = -x*o, 10 + 7 = c - o. List the prime factors of c.
2, 3
Let l(p) = p - 3. Let h be ((-1)/(-3))/((-3)/(-225)). Suppose -52 = -4*v + 4*g, -3*g = 2*g + h. What are the prime factors of l(v)?
5
Suppose -t + 3*t = 0. Let y = 9 + t. What are the prime factors of y?
3
Let p be 6/(5 - 3) - -5. Suppose -2*z + 45 = -s, 4*s = z - p - 4. List the prime factors of z.
2, 3
Let i be 1/4 - 15/12. Let x(f) = f**2 - 1. Let u be x(i). Suppose 6 = a - u. What are the prime factors of a?
2, 3
Let t be 1/(-1 + 10/9). Let h(y) = -y**2 + 10*y - 6. Let g be h(t). Suppose 3*c - 2*s = 25, 3*s + 13 = 2*c + g. What are the prime factors of c?
11
Suppose -5*o + 345 = 2*z, o = -4*o - 5*z + 345. What are the prime factors of o?
3, 23
Suppose -5*z = -46 - 49. Suppose -5*v + 36 = -q, 0*v - z = -2*v + 5*q. Suppose -i + 1 = -v. List the prime factors of i.
2
Let m be (36/(-8))/((-2)/20). Let r = m + -29. What are the prime factors of r?
2
Suppose 9*q = 7*q + 44. What are the prime factors of q?
2, 11
Let x(s) = 4*s**2 + 4*s - 1. Suppose 3*n - 12 = -f, 2*n - 2 - 8 = 0. Let h be x(f). Let p = h + -16. List the prime factors of p.
7
Let x be 1/(-2*(-3)/78). Suppose -w - 2 = -x. Suppose -3*h - 2*q = -w, -4*q + 6 = 2. What are the prime factors of h?
3
Let m(l) = 8*l**2 - 6*l - 14. What are the prime factors of m(-4)?
2, 3, 23
Let o = -9 + 20. List the prime factors of o.
11
Suppose 4*x = -2*a + 23 - 7, 0 = 3*a - 4*x - 4. Suppose f + 24 = a*f. List the prime factors of f.
2
Suppose 2*f + o - 34 = 0, -5*f - o + 65 = -14. What are the prime factors of f?
3, 5
Suppose -5*g + 150 = 5*a, 5*a = 5*g - g + 123. List the prime factors of a.
3
Let v = -2 - -5. Suppose 3*k - k - 6 = v*z, 4*z - 3*k = -8. List the prime factors of 2 - (z - 0 - 7).
11
Let g = 4 + -9. Suppose -3*d + 0 + 6 = 0. Let o = d - g. What are the prime factors of o?
7
Let i(n) = n + 10. Let a be i(8). What are the prime factors of (0 - a/(-10))*5?
3
Suppose -3*o - 1 = -10. Suppose 4*t + d = -4*d + o, 0 = 5*d + 25. What are the prime factors of t?
7
Suppose 0 = -g - 4 - 4. Suppose 0 = -u + 2*u + 1. List the prime factors of 0 + u + -1 - g.
2, 3
Let x(c) = -5*c**2 + c + 2. Let g(z) = 6*z**2 - z - 3. Let t(l) = -4*g(l) - 5*x(l). Let v be t(4). Suppose 2*n - 6 = v. List the prime factors of n.
2, 5
Let n(m) be the first derivative of -m**3/3 - 5*m**2/2 - 2*m + 1. Let t = -4 - -2. List the prime factors of n(t).
2
Let q(x) = x + 13. Let y be q(-10). Suppose -3*d - d - y*h - 1 = 0, -2*d = 2*h + 2. List the prime factors of d.
2
Suppose 5*l - 15 = v, -5*v - l + 3*l = 6. Suppose v = -4*q + 5*a - 26 + 85, 4*q - a = 63. What are the prime factors of q?
2
Let g be -1*2/((-6)/21). Suppose -21 = -4*l + g. Let p = 6 + l. List the prime factors of p.
13
Suppose -4*k + 2*k + 24 = -2*t, k + 33 = -4*t. What are the prime factors of ((-27)/t)/((-3)/(-22))?
2, 11
Let m be (-3)/4*16/(-1). Let i = m + -7. What are the prime factors of i?
5
Suppose -56*b + 60*b = 1316. What are the prime factors of b?
7, 47
Suppose -57 = -3*t + 4*b - 7*b, -2*t = 3*b - 43. Suppose 2*d + t - 58 = 0. List the prime factors of d.
2, 11
Suppose 0 = 4*g - 2*d - 33 + 5, 0 = 4*g - d - 26. Let j = 19 - g. List the prime factors of j.
13
Suppose -2*l + l + 59 = p, 3*p + 183 = 3*l. Let z = l + -20. What are the prime factors of z?
2, 5
Let b be (-22)/(-8) + (-4)/(-16). Let z(v) = -v**3 + 3*v**2 + 4*v + 1. List the prime factors of z(b).
13
Let c = 164 - 101. Suppose 80 + 7 = 3*i + 3*j, 5*j + c = 3*i. List the prime factors of i.
2, 13
Suppose -z = -8 + 2. What are the prime factors of z?
2, 3
Let t(a) = -3*a**3 + 2*a**2 - 1. Let h be t(-1). Suppose -h*g + 7 = -17. List the prime factors of g.
2, 3
Suppose -2*v = -10, -z + 2*v = -3*z + 10. Suppose z*l - 4*l + 56 = 0. List the prime factors of l.
2, 7
Suppose -m - 2*m - 3 = 2*i, -5*i + 1 = -m. Let c(t) = 6*t**2 - t - 1. Let n be c(m). Suppose n*u = 4*u + 16. What are the prime factors of u?
2
Let o be (-3)/(2 - -1) - -6. Suppose 5*r - o = 15. Suppose w - 6 - r = 0. List the prime factors of w.
2, 5
Let p(w) = w**2 - 5*w + 4. Let g be p(6). List the prime factors of 27/5 + (-4)/g.
5
Let w(s) = 7*s - 5. What are the prime factors of w(4)?
23
What are the prime factors of (-1 + -1)/(1/(-16))?
2
Suppose -3*s - 3*p = -0*p - 531, 2*p + 2 = 0. List the prime factors of s.
2, 89
Let z(s) = 2*s**2 + 8*s + 5. Let h be z(-5). Let w = h - 7. List the prime factors of w.
2
Let m(f) = -f**3 - 8*f**2 + 12*f - 12. Let l be m(-10). Let h = l - 39. What are the prime factors of h?
29
Suppose 5 - 14 = -3*z. Suppose 0*p = -p. Let u = z + p. List the prime factors of u.
3
Let w(h) = -2*h**3 + h**2 - 2*h. What are the prime factors of w(-3)?
3, 23
Let a = 467 - 159. What are the prime factors of a?
2, 7, 11
Let g be (-26 + -2)*(2 - 4). Let j = 95 - g. What are the prime factors of j?
3, 13
Let w = -2 - 22. Let j = -12 - w. List the prime factors of j.
2, 3
Let s(x) = -5*x + 1. What are the prime factors of s(-6)?
31
Let a = -3 + -54. Let p = a + 36. Let l = p + 30. What are the prime factors of l?
3
List the prime factors of (9/3)/3 - -2.
3
Let r = -3 - -9. Suppose -2 = -2*w + 2*d, 9 = 5*w - 2*d + d. List the prime factors of -3*(-3)/r*w.
3
What are the prime factors of ((-111)/6)/((-3)/6)?
37
Suppose 0 = -0*o - 2*o + 4. Let p(l) = 2*l**o + 0*l**2 + 3 - 6*l + 0 - 1. List the prime factors of p(4).
2, 5
Let c = -245 + 515. List the prime factors of c.
2, 3, 5
Let u = 16 + -7. What are the prime factors of (-1 - 0)*(-1 - u)?
2, 5
Suppose 4*j - 2*j - 32 = 0. List the prime factors of j.
2
Let o(v) = v - 2. Let q be o(1). List the prime factors of (-9)/(3 + q + -3).
3
Let q = -2 + 5. Suppose -7*y - 5*u = -q*y - 64, -4*u = 5*y - 71. What are the prime factors of y?
11
Suppose -3*k + 2*a = -91, -3*k + 0*k + 77 = 5*a. List the prime factors of k.
29
Suppose 0*j + 3*j + 331 = 2*p, -4*j - 824 = -5*p. List the prime factors of p.
2, 41
Let z = -52 - -104. What are the prime factors of z?
2, 13
Let s(x) be the first derivative of -x**4/4 - 2*x**3/3 + x + 2. Let c be s(-1). Suppose c = -z - 2 + 6. What are the prime factors of z?
2
Suppose 0 = 2*k - k - 4. Suppose 5*w - 4 = k*w. Let h = w + -1. What are the prime factors of h?
3
Let h = 28 - 24. Let s(